at is the hundred thousands digit of 147938?
1
What is the tens digit of 178607?
0
What is the ten thousands digit of 4523909?
2
What is the tens digit of 693055?
5
What is the thousands digit of 814855?
4
What is the ten thousands digit of 191238?
9
What is the ten thousands digit of 3289235?
8
What is the hundred thousands digit of 458340?
4
What is the millions digit of 1664105?
1
What is the thousands digit of 170938?
0
What is the millions digit of 6614002?
6
What is the tens digit of 13412815?
1
What is the tens digit of 5913026?
2
What is the units digit of 23647092?
2
What is the hundreds digit of 16223619?
6
What is the thousands digit of 22820?
2
What is the hundreds digit of 501253?
2
What is the thousands digit of 462492?
2
What is the units digit of 373040?
0
What is the ten thousands digit of 1378879?
7
What is the ten thousands digit of 243316?
4
What is the tens digit of 80072?
7
What is the ten thousands digit of 1559050?
5
What is the ten thousands digit of 793667?
9
What is the thousands digit of 2242701?
2
What is the ten thousands digit of 161437?
6
What is the hundred thousands digit of 8527345?
5
What is the tens digit of 23286832?
3
What is the hundreds digit of 11113898?
8
What is the thousands digit of 15253344?
3
What is the hundred thousands digit of 3776919?
7
What is the tens digit of 6641312?
1
What is the ten thousands digit of 133372?
3
What is the hundreds digit of 21014930?
9
What is the hundreds digit of 3378487?
4
What is the tens digit of 19825296?
9
What is the units digit of 17891234?
4
What is the hundreds digit of 9692365?
3
What is the hundred thousands digit of 966388?
9
What is the tens digit of 21187683?
8
What is the ten millions digit of 33948051?
3
What is the thousands digit of 699588?
9
What is the tens digit of 884003?
0
What is the ten thousands digit of 25033?
2
What is the millions digit of 2335856?
2
What is the thousands digit of 14075244?
5
What is the hundred thousands digit of 322731?
3
What is the ten thousands digit of 179686?
7
What is the hundreds digit of 710856?
8
What is the units digit of 17206746?
6
What is the units digit of 8644767?
7
What is the ten thousands digit of 5032607?
3
What is the ten thousands digit of 10850838?
5
What is the millions digit of 5225213?
5
What is the ten thousands digit of 1186842?
8
What is the hundred thousands digit of 221221?
2
What is the units digit of 5928460?
0
What is the hundred thousands digit of 336750?
3
What is the tens digit of 26383?
8
What is the ten thousands digit of 284866?
8
What is the thousands digit of 3599558?
9
What is the units digit of 777423?
3
What is the units digit of 886637?
7
What is the ten thousands digit of 7095005?
9
What is the tens digit of 4521?
2
What is the ten thousands digit of 24614370?
1
What is the units digit of 253238?
8
What is the ten thousands digit of 75322?
7
What is the ten thousands digit of 37200?
3
What is the ten thousands digit of 24358707?
5
What is the hundreds digit of 152739?
7
What is the ten thousands digit of 277161?
7
What is the units digit of 637401?
1
What is the hundred thousands digit of 16334318?
3
What is the tens digit of 409484?
8
What is the hundreds digit of 419772?
7
What is the hundreds digit of 13661?
6
What is the hundreds digit of 271110?
1
What is the hundred thousands digit of 1714331?
7
What is the hundred thousands digit of 111510?
1
What is the hundred thousands digit of 6682693?
6
What is the hundred thousands digit of 374508?
3
What is the hundred thousands digit of 7840915?
8
What is the tens digit of 1158241?
4
What is the tens digit of 9033852?
5
What is the units digit of 2645780?
0
What is the ten thousands digit of 6045116?
4
What is the ten thousands digit of 20931?
2
What is the hundreds digit of 356707?
7
What is the tens digit of 23833316?
1
What is the hundred thousands digit of 4464163?
4
What is the hundreds digit of 7189123?
1
What is the millions digit of 3014340?
3
What is the units digit of 380497?
7
What is the millions digit of 7616814?
7
What is the units digit of 600501?
1
What is the hundreds digit of 2050009?
0
What is the tens digit of 1181241?
4
What is the hundreds digit of 1002264?
2
What is the units digit of 42583?
3
What is the thousands digit of 4044648?
4
What is the thousands digit of 2245584?
5
What is the thousands digit of 26088358?
8
What is the units digit of 551949?
9
What is the thousands digit of 416839?
6
What is the units digit of 256321?
1
What is the ten thousands digit of 260483?
6
What is the millions digit of 3804550?
3
What is the hundreds digit of 8434571?
5
What is the millions digit of 4429309?
4
What is the tens digit of 7424233?
3
What is the hundred thousands digit of 2067758?
0
What is the hundreds digit of 139726?
7
What is the tens digit of 1179694?
9
What is the units digit of 62973?
3
What is the thousands digit of 6289758?
9
What is the thousands digit of 308443?
8
What is the units digit of 3717220?
0
What is the hundred thousands digit of 499689?
4
What is the thousands digit of 792456?
2
What is the hundreds digit of 591958?
9
What is the millions digit of 4197721?
4
What is the units digit of 1023799?
9
What is the hundreds digit of 13824292?
2
What is the thousands digit of 1651835?
1
What is the hundred thousands digit of 230072?
2
What is the hundreds digit of 185742?
7
What is the hundreds digit of 7041675?
6
What is the tens digit of 143131?
3
What is the tens digit of 181036?
3
What is the hundreds digit of 1996032?
0
What is the millions digit of 2961811?
2
What is the units digit of 4487126?
6
What is the units digit of 4334896?
6
What is the ten thousands digit of 86020?
8
What is the ten thousands digit of 3867367?
6
What is the thousands digit of 2447934?
7
What is the ten millions digit of 10576194?
1
What is the ten thousands digit of 265268?
6
What is the tens digit of 668833?
3
What is the millions digit of 2091281?
2
What is the tens digit of 107944?
4
What is the units digit of 277603?
3
What is the ten thousands digit of 219732?
1
What is the ten thousands digit of 2245365?
4
What is the tens digit of 185881?
8
What is the hundreds digit of 534014?
0
What is the tens digit of 8702922?
2
What is the hundred thousands digit of 141175?
1
What is the thousands digit of 3538755?
8
What is the thousands digit of 1010611?
0
What is the tens digit of 392300?
0
What is the ten thousands digit of 2286457?
8
What is the hundreds digit of 496948?
9
What is the units digit of 343204?
4
What is the tens digit of 237764?
6
What is the tens digit of 178780?
8
What is the hundreds digit of 46279?
2
What is the ten thousands digit of 7666828?
6
What is the units digit of 547876?
6
What is the units digit of 8777780?
0
What is the tens digit of 44245?
4
What is the units digit of 1102029?
9
What is the ten thousands digit of 13036105?
3
What is the ten millions digit of 27002333?
2
What is the hundred thousands digit of 1780075?
7
What is the thousands digit of 24525717?
5
What is the hundred thousands digit of 263475?
2
What is the thousands digit of 3632227?
2
What is the hundred thousands digit of 138355?
1
What is the hundred thousands digit of 17818326?
8
What is the thousands digit of 1408895?
8
What is the units digit of 221440?
0
What is the ten thousands digit of 147815?
4
What is the tens digit of 7981730?
3
What is the ten thousands digit of 350188?
5
What is the thousands digit of 611671?
1
What is the hundreds digit of 1998707?
7
What is the thousands digit of 33421?
3
What is the hundreds digit of 284153?
1
What is the ten thousands digit of 1087239?
8
What is the thousands digit of 14638190?
8
What is the hundreds digit of 428289?
2
What is the ten thousands digit of 4409733?
0
What is the units digit of 447246?
6
What is the hundreds digit of 3553674?
6
What is the thousands digit of 365226?
5
What is the thousands digit of 1484768?
4
What is the thousands digit of 3141728?
1
What is the units digit of 20169?
9
What is the hundred thousands digit of 5595411?
5
What is the hundred thousands digit of 608512?
6
What is the ten thousands digit of 391530?
9
What is the tens digit of 25405297?
9
What is the hundred thousands digit of 7838244?
8
What is the ten thousands digit of